{"id":29884,"date":"2026-01-28T18:33:57","date_gmt":"2026-01-28T23:33:57","guid":{"rendered":"https:\/\/zasua.com.co\/?post_type=product&#038;p=29884"},"modified":"2026-01-28T18:46:20","modified_gmt":"2026-01-28T23:46:20","slug":"sandalias-cobra-planas","status":"publish","type":"product","link":"https:\/\/zasua.com.co\/?product=sandalias-cobra-planas","title":{"rendered":"Sandalias Cobra planas"},"content":{"rendered":"<p>Dise\u00f1adas para el d\u00eda a d\u00eda, combinan un dise\u00f1o moderno con comodidad absoluta.<\/p>\n<p>Las sandalias Cobra planas ofrecen una pisada ligera y estable, ideales para acompa\u00f1arte en jornadas largas sin perder estilo.<\/p>\n<p>Su tono verde militar las hace vers\u00e1tiles y f\u00e1ciles de combinar, aportando un toque diferente y actual a cualquier look.<\/p>\n<p><strong style=\"font-weight: bold;font-family: Jost, Helvetica, Arial, sans-serif;font-size: 14px;font-style: normal;letter-spacing: normal;text-align: start;text-indent: 0px;text-transform: none;white-space: normal\">Debido a que nuestros productos son hechos 100% a mano, la entrega puede tardar de 10 a 15 d\u00edas habiles.<\/strong><\/p>\n","protected":false},"excerpt":{"rendered":"<p>Dise\u00f1adas para el d\u00eda a d\u00eda, combinan un dise\u00f1o moderno con comodidad absoluta. Las sandalias Cobra planas ofrecen una pisada ligera y estable, ideales para acompa\u00f1arte en jornadas largas sin perder estilo. Su tono verde militar las hace vers\u00e1tiles y f\u00e1ciles de combinar, aportando un toque diferente y actual a cualquier look. Debido a que &hellip; <br \/><a href=\"https:\/\/zasua.com.co\/?product=sandalias-cobra-planas\" class=\"more-link\">Continue reading <span class=\"screen-reader-text\">Sandalias Cobra planas<\/span><\/a><\/p>\n","protected":false},"featured_media":29880,"comment_status":"open","ping_status":"closed","template":"","meta":{"_joinchat":[]},"product_brand":[],"product_cat":[217,170,178,168],"product_tag":[],"class_list":{"0":"post-29884","1":"product","2":"type-product","3":"status-publish","4":"has-post-thumbnail","6":"product_cat-calzado","7":"product_cat-cobra","8":"product_cat-planas-cobra","9":"product_cat-sandalias","10":"pa_talla-talla-34-y-41-disponibles-bajo-pedido","11":"pa_talla-talla-35","12":"pa_talla-talla-36","13":"pa_talla-talla-37","14":"pa_talla-talla-38","15":"pa_talla-talla-39","16":"pa_talla-talla-40","18":"first","19":"instock","20":"shipping-taxable","21":"purchasable","22":"product-type-variable"},"_links":{"self":[{"href":"https:\/\/zasua.com.co\/index.php?rest_route=\/wp\/v2\/product\/29884","targetHints":{"allow":["GET"]}}],"collection":[{"href":"https:\/\/zasua.com.co\/index.php?rest_route=\/wp\/v2\/product"}],"about":[{"href":"https:\/\/zasua.com.co\/index.php?rest_route=\/wp\/v2\/types\/product"}],"replies":[{"embeddable":true,"href":"https:\/\/zasua.com.co\/index.php?rest_route=%2Fwp%2Fv2%2Fcomments&post=29884"}],"wp:featuredmedia":[{"embeddable":true,"href":"https:\/\/zasua.com.co\/index.php?rest_route=\/wp\/v2\/media\/29880"}],"wp:attachment":[{"href":"https:\/\/zasua.com.co\/index.php?rest_route=%2Fwp%2Fv2%2Fmedia&parent=29884"}],"wp:term":[{"taxonomy":"product_brand","embeddable":true,"href":"https:\/\/zasua.com.co\/index.php?rest_route=%2Fwp%2Fv2%2Fproduct_brand&post=29884"},{"taxonomy":"product_cat","embeddable":true,"href":"https:\/\/zasua.com.co\/index.php?rest_route=%2Fwp%2Fv2%2Fproduct_cat&post=29884"},{"taxonomy":"product_tag","embeddable":true,"href":"https:\/\/zasua.com.co\/index.php?rest_route=%2Fwp%2Fv2%2Fproduct_tag&post=29884"}],"curies":[{"name":"wp","href":"https:\/\/api.w.org\/{rel}","templated":true}]}}