{"id":29898,"date":"2026-01-28T19:05:23","date_gmt":"2026-01-29T00:05:23","guid":{"rendered":"https:\/\/zasua.com.co\/?post_type=product&#038;p=29898"},"modified":"2026-01-28T19:11:38","modified_gmt":"2026-01-29T00:11:38","slug":"sandalias-cobra-planas-2","status":"publish","type":"product","link":"https:\/\/zasua.com.co\/?product=sandalias-cobra-planas-2","title":{"rendered":"Sandalias Cobra planas"},"content":{"rendered":"<p><strong>Sandalias Cobra planas \u2013 negras<\/strong><\/p>\n<p>Dise\u00f1adas para el d\u00eda a d\u00eda, combinan un dise\u00f1o moderno con comodidad absoluta.<\/p>\n<p>Las sandalias Cobra planas ofrecen una pisada ligera y estable, ideales para el d\u00eda a d\u00eda sin perder estilo.<\/p>\n<p>Su color negro las convierte en un b\u00e1sico infalible, f\u00e1cil de combinar y perfecto para cualquier ocasi\u00f3n.<\/p>\n<p><strong style=\"font-weight: bold;font-family: Jost, Helvetica, Arial, sans-serif;font-size: 14px;font-style: normal;letter-spacing: normal;text-align: start;text-indent: 0px;text-transform: none;white-space: normal\">Debido a que nuestros productos son hechos 100% a mano, la entrega puede tardar de 10 a 15 d\u00edas habiles.<\/strong><\/p>\n","protected":false},"excerpt":{"rendered":"<p>Sandalias Cobra planas \u2013 negras Dise\u00f1adas para el d\u00eda a d\u00eda, combinan un dise\u00f1o moderno con comodidad absoluta. Las sandalias Cobra planas ofrecen una pisada ligera y estable, ideales para el d\u00eda a d\u00eda sin perder estilo. Su color negro las convierte en un b\u00e1sico infalible, f\u00e1cil de combinar y perfecto para cualquier ocasi\u00f3n. Debido &hellip; <br \/><a href=\"https:\/\/zasua.com.co\/?product=sandalias-cobra-planas-2\" class=\"more-link\">Continue reading <span class=\"screen-reader-text\">Sandalias Cobra planas<\/span><\/a><\/p>\n","protected":false},"featured_media":29895,"comment_status":"open","ping_status":"closed","template":"","meta":{"_joinchat":[]},"product_brand":[],"product_cat":[217,170,168],"product_tag":[],"class_list":{"0":"post-29898","1":"product","2":"type-product","3":"status-publish","4":"has-post-thumbnail","6":"product_cat-calzado","7":"product_cat-cobra","8":"product_cat-sandalias","9":"pa_talla-talla-34-y-41-disponibles-bajo-pedido","10":"pa_talla-talla-35","11":"pa_talla-talla-36","12":"pa_talla-talla-37","13":"pa_talla-talla-38","14":"pa_talla-talla-39","15":"pa_talla-talla-40","17":"first","18":"instock","19":"shipping-taxable","20":"purchasable","21":"product-type-variable"},"_links":{"self":[{"href":"https:\/\/zasua.com.co\/index.php?rest_route=\/wp\/v2\/product\/29898","targetHints":{"allow":["GET"]}}],"collection":[{"href":"https:\/\/zasua.com.co\/index.php?rest_route=\/wp\/v2\/product"}],"about":[{"href":"https:\/\/zasua.com.co\/index.php?rest_route=\/wp\/v2\/types\/product"}],"replies":[{"embeddable":true,"href":"https:\/\/zasua.com.co\/index.php?rest_route=%2Fwp%2Fv2%2Fcomments&post=29898"}],"wp:featuredmedia":[{"embeddable":true,"href":"https:\/\/zasua.com.co\/index.php?rest_route=\/wp\/v2\/media\/29895"}],"wp:attachment":[{"href":"https:\/\/zasua.com.co\/index.php?rest_route=%2Fwp%2Fv2%2Fmedia&parent=29898"}],"wp:term":[{"taxonomy":"product_brand","embeddable":true,"href":"https:\/\/zasua.com.co\/index.php?rest_route=%2Fwp%2Fv2%2Fproduct_brand&post=29898"},{"taxonomy":"product_cat","embeddable":true,"href":"https:\/\/zasua.com.co\/index.php?rest_route=%2Fwp%2Fv2%2Fproduct_cat&post=29898"},{"taxonomy":"product_tag","embeddable":true,"href":"https:\/\/zasua.com.co\/index.php?rest_route=%2Fwp%2Fv2%2Fproduct_tag&post=29898"}],"curies":[{"name":"wp","href":"https:\/\/api.w.org\/{rel}","templated":true}]}}