{"id":29972,"date":"2026-02-01T21:50:07","date_gmt":"2026-02-02T02:50:07","guid":{"rendered":"https:\/\/zasua.com.co\/?post_type=product&#038;p=29972"},"modified":"2026-02-01T21:50:07","modified_gmt":"2026-02-02T02:50:07","slug":"flamingo-trenza","status":"publish","type":"product","link":"https:\/\/zasua.com.co\/?product=flamingo-trenza","title":{"rendered":"Flamingo trenza"},"content":{"rendered":"<p data-start=\"91\" data-end=\"120\"><strong data-start=\"91\" data-end=\"120\">Sandalias Flamingo Trenza<\/strong><\/p>\n<p data-start=\"122\" data-end=\"311\">Pensadas para acompa\u00f1arte todos los d\u00edas con comodidad y estilo.<br data-start=\"186\" data-end=\"189\" \/>El detalle de la trenza en el centro le da un aire especial al dise\u00f1o, haciendo que el look se vea m\u00e1s moderno y vers\u00e1til.<\/p>\n<p data-start=\"313\" data-end=\"367\">Perfectas para llevar durante horas con total confort.<\/p>\n<p data-start=\"313\" data-end=\"367\"><strong>Debido a que nuestros productos son hechos 100% a mano, la entrega puede tardar de 10 a 15 d\u00edas habiles.<\/strong><\/p>\n","protected":false},"excerpt":{"rendered":"<p>Sandalias Flamingo Trenza Pensadas para acompa\u00f1arte todos los d\u00edas con comodidad y estilo.El detalle de la trenza en el centro le da un aire especial al dise\u00f1o, haciendo que el look se vea m\u00e1s moderno y vers\u00e1til. Perfectas para llevar durante horas con total confort. Debido a que nuestros productos son hechos 100% a mano, &hellip; <br \/><a href=\"https:\/\/zasua.com.co\/?product=flamingo-trenza\" class=\"more-link\">Continue reading <span class=\"screen-reader-text\">Flamingo trenza<\/span><\/a><\/p>\n","protected":false},"featured_media":29980,"comment_status":"open","ping_status":"closed","template":"","meta":{"_joinchat":[]},"product_brand":[],"product_cat":[217,168],"product_tag":[],"class_list":{"0":"post-29972","1":"product","2":"type-product","3":"status-publish","4":"has-post-thumbnail","6":"product_cat-calzado","7":"product_cat-sandalias","8":"pa_talla-talla-34-y-41-disponibles-bajo-pedido","9":"pa_talla-talla-35","10":"pa_talla-talla-36","11":"pa_talla-talla-37","12":"pa_talla-talla-38","13":"pa_talla-talla-39","14":"pa_talla-talla-40","16":"first","17":"instock","18":"shipping-taxable","19":"purchasable","20":"product-type-variable"},"_links":{"self":[{"href":"https:\/\/zasua.com.co\/index.php?rest_route=\/wp\/v2\/product\/29972","targetHints":{"allow":["GET"]}}],"collection":[{"href":"https:\/\/zasua.com.co\/index.php?rest_route=\/wp\/v2\/product"}],"about":[{"href":"https:\/\/zasua.com.co\/index.php?rest_route=\/wp\/v2\/types\/product"}],"replies":[{"embeddable":true,"href":"https:\/\/zasua.com.co\/index.php?rest_route=%2Fwp%2Fv2%2Fcomments&post=29972"}],"wp:featuredmedia":[{"embeddable":true,"href":"https:\/\/zasua.com.co\/index.php?rest_route=\/wp\/v2\/media\/29980"}],"wp:attachment":[{"href":"https:\/\/zasua.com.co\/index.php?rest_route=%2Fwp%2Fv2%2Fmedia&parent=29972"}],"wp:term":[{"taxonomy":"product_brand","embeddable":true,"href":"https:\/\/zasua.com.co\/index.php?rest_route=%2Fwp%2Fv2%2Fproduct_brand&post=29972"},{"taxonomy":"product_cat","embeddable":true,"href":"https:\/\/zasua.com.co\/index.php?rest_route=%2Fwp%2Fv2%2Fproduct_cat&post=29972"},{"taxonomy":"product_tag","embeddable":true,"href":"https:\/\/zasua.com.co\/index.php?rest_route=%2Fwp%2Fv2%2Fproduct_tag&post=29972"}],"curies":[{"name":"wp","href":"https:\/\/api.w.org\/{rel}","templated":true}]}}